1
List the prime factors of 865313.
865313
List the prime factors of 150154.
2, 193, 389
What are the prime factors of 22401?
3, 19, 131
List the prime factors of 498879.
3, 2053
List the prime factors of 11715777.
3, 631, 2063
What are the prime factors of 6483860?
2, 5, 73, 4441
What are the prime factors of 205929?
3, 29, 263
List the prime factors of 8238668.
2, 29, 71023
List the prime factors of 6700577.
13, 515429
List the prime factors of 996230.
2, 5, 99623
What are the prime factors of 14858028?
2, 3, 71, 5813
List the prime factors of 19164752.
2, 457, 2621
List the prime factors of 4491774.
2, 3, 7, 17, 233
List the prime factors of 28187450.
2, 5, 19, 29671
List the prime factors of 741869.
741869
List the prime factors of 214816.
2, 7, 137
List the prime factors of 12236552.
2, 23, 73, 911
What are the prime factors of 9896817?
3, 7, 471277
List the prime factors of 4957541.
233, 21277
List the prime factors of 5017199.
11, 456109
What are the prime factors of 2227272?
2, 3, 17, 53, 103
List the prime factors of 3624855.
3, 5, 13, 29, 641
What are the prime factors of 287972?
2, 71993
List the prime factors of 1783326.
2, 3, 29, 37, 277
List the prime factors of 484071.
3, 7, 37, 89
What are the prime factors of 2322576?
2, 3, 127
List the prime factors of 11641087.
11641087
List the prime factors of 67943.
67943
What are the prime factors of 405780?
2, 3, 5, 6763
List the prime factors of 1542817.
23, 67079
List the prime factors of 2453955.
3, 5, 7, 23371
What are the prime factors of 190892?
2, 13, 3671
List the prime factors of 274729.
7, 13, 3019
What are the prime factors of 376926?
2, 3, 11, 5711
List the prime factors of 3058038.
2, 3, 169891
List the prime factors of 9458165.
5, 277, 6829
List the prime factors of 991624.
2, 123953
What are the prime factors of 1475739?
3, 6073
List the prime factors of 716578.
2, 358289
List the prime factors of 19569.
3, 11, 593
List the prime factors of 6093799.
29, 210131
What are the prime factors of 333949?
7, 11, 4337
What are the prime factors of 342196?
2, 85549
List the prime factors of 14051179.
883, 15913
List the prime factors of 344316.
2, 3, 7, 4099
What are the prime factors of 482029?
482029
List the prime factors of 15010362.
2, 3, 97, 8597
What are the prime factors of 74196?
2, 3, 229
What are the prime factors of 423023?
29, 503
What are the prime factors of 136689?
3, 7, 23, 283
What are the prime factors of 127217?
127217
List the prime factors of 1701330.
2, 3, 5, 56711
What are the prime factors of 338209?
41, 73, 113
What are the prime factors of 2174455?
5, 19, 47, 487
List the prime factors of 954655.
5, 13, 19, 773
What are the prime factors of 174388?
2, 43597
What are the prime factors of 3422423?
17, 23, 8753
What are the prime factors of 214363?
214363
List the prime factors of 671960.
2, 5, 107, 157
What are the prime factors of 33405?
3, 5, 17, 131
What are the prime factors of 2394974?
2, 41, 29207
What are the prime factors of 425333?
425333
What are the prime factors of 1276592?
2, 23, 3469
What are the prime factors of 798471?
3, 29573
List the prime factors of 216684.
2, 3, 13, 463
What are the prime factors of 15105139?
7, 37, 58321
List the prime factors of 1723655.
5, 43, 8017
What are the prime factors of 2230331?
2230331
List the prime factors of 405524.
2, 7, 2069
List the prime factors of 3486411.
3, 17, 22787
What are the prime factors of 6674486?
2, 7, 13, 31
List the prime factors of 40589.
37, 1097
What are the prime factors of 1338351?
3, 7, 101, 631
What are the prime factors of 2480459?
41, 101, 599
List the prime factors of 496573.
7, 11, 6449
What are the prime factors of 4226653?
229, 18457
List the prime factors of 5606681.
5606681
List the prime factors of 58997.
58997
List the prime factors of 1728016.
2, 17, 6353
What are the prime factors of 1940097?
3, 59, 97, 113
List the prime factors of 58054.
2, 29027
List the prime factors of 177702.
2, 3, 7, 4231
List the prime factors of 231251.
17, 61, 223
What are the prime factors of 6713583?
3, 2237861
What are the prime factors of 479444?
2, 7, 17123
What are the prime factors of 3267876?
2, 3, 17, 83, 193
What are the prime factors of 46512?
2, 3, 17, 19
List the prime factors of 4325791.
4325791
What are the prime factors of 373505?
5, 11, 6791
List the prime factors of 6839184.
2, 3, 11, 12953
What are the prime factors of 670746?
2, 3, 111791
List the prime factors of 20597664.
2, 3, 214559
What are the prime factors of 301151?
401, 751
List the prime factors of 249203.
17, 107, 137
What are the prime factors of 54596?
2, 13649
List the prime factors of 757819.
757819
What are the prime factors of 258678?
2, 3, 7, 2053
What are the prime factors of 64746?
2, 3, 11, 109
List the prime factors of 4695104.
2, 73361
What are the prime factors of 15450340?
2, 5, 772517
What are the prime factors of 230701?
281, 821
List the prime factors of 523733.
7, 23, 3253
What are the prime factors of 128338?
2, 7, 89, 103
List the prime factors of 244857.
3, 81619
What are the prime factors of 2766964?
2, 43, 16087
List the prime factors of 2181877.
1021, 2137
What are the prime factors of 279666?
2, 3, 5179
What are the prime factors of 1221310?
2, 5, 122131
What are the prime factors of 7699115?
5, 61, 25243
List the prime factors of 1120096.
2, 17, 29, 71
What are the prime factors of 5345399?
107, 49957
What are the prime factors of 15973317?
3, 1774813
List the prime factors of 4720609.
137, 34457
List the prime factors of 176768.
2, 1381
List the prime factors of 6813862.
2, 11, 31, 97, 103
What are the prime factors of 12562?
2, 11, 571
What are the prime factors of 6365100?
2, 3, 5, 7, 433
List the prime factors of 2693519.
1321, 2039
List the prime factors of 1624607.
1624607
What are the prime factors of 6174879?
3, 23, 89491
What are the prime factors of 8748310?
2, 5, 874831
What are the prime factors of 1974694?
2, 131, 7537
What are the prime factors of 203360?
2, 5, 31, 41
List the prime factors of 321701.
23, 71, 197
What are the prime factors of 12231811?
593, 20627
List the prime factors of 542530.
2, 5, 227, 239
List the prime factors of 5358662.
2, 2679331
What are the prime factors of 429081?
3, 157, 911
What are the prime factors of 307195?
5, 7, 67, 131
List the prime factors of 95471.
95471
What are the prime factors of 31895?
5, 6379
What are the prime factors of 8488528?
2, 530533
List the prime factors of 3762509.
191, 19699
List the prime factors of 3159083.
137, 23059
What are the prime factors of 167108?
2, 41777
List the prime factors of 9304418.
2, 29, 59, 2719
What are the prime factors of 5669540?
2, 5, 67, 4231
List the prime factors of 6233794.
2, 7, 445271
List the prime factors of 18880776.
2, 3, 29137
List the prime factors of 7166210.
2, 5, 716621
List the prime factors of 193572.
2, 3, 19, 283
What are the prime factors of 4348238?
2, 2174119
List the prime factors of 221175.
3, 5, 983
What are the prime factors of 23950936?
2, 2993867
List the prime factors of 27106.
2, 13553
What are the prime factors of 297026?
2, 148513
What are the prime factors of 113721?
3, 37907
List the prime factors of 6712652.
2, 113, 14851
List the prime factors of 15383503.
15383503
List the prime factors of 5497764.
2, 3, 19, 24113
List the prime factors of 8112404.
2, 2028101
List the prime factors of 142292.
2, 35573
List the prime factors of 797953.
13, 61381
What are the prime factors of 470676?
2, 3, 61, 643
List the prime factors of 1012711.
7, 199, 727
What are the prime factors of 20943934?
2, 11, 951997
What are the prime factors of 75330?
2, 3, 5, 31
List the prime factors of 5576226.
2, 3, 523, 1777
List the prime factors of 486885.
3, 5, 7, 4637
List the prime factors of 1024674.
2, 3, 7, 31, 787
What are the prime factors of 396792?
2, 3, 11, 167
What are the prime factors of 317049?
3, 105683
What are the prime factors of 37531?
13, 2887
List the prime factors of 1823994.
2, 3, 101333
List the prime factors of 1139993.
1139993
List the prime factors of 602195.
5, 11, 10949
What are the prime factors of 22383255?
3, 5, 23, 64879
What are the prime factors of 3719096?
2, 397, 1171
What are the prime factors of 4465412?
2, 7, 101, 1579
What are the prime f